
{"version":"1.0","provider_name":"CLIMAtlantic","provider_url":"https:\/\/climatlantic.ca\/fr\/","title":"Le Fonds de r\u00e9silience - CLIMAtlantic","type":"rich","width":600,"height":338,"html":"<blockquote class=\"wp-embedded-content\" data-secret=\"oNeA1y9nuu\"><a href=\"https:\/\/climatlantic.ca\/fr\/outils\/possibilites-financement\/le-fonds-de-resilience\/\">Le Fonds de r\u00e9silience<\/a><\/blockquote><iframe sandbox=\"allow-scripts\" security=\"restricted\" src=\"https:\/\/climatlantic.ca\/fr\/outils\/possibilites-financement\/le-fonds-de-resilience\/embed\/#?secret=oNeA1y9nuu\" width=\"600\" height=\"338\" title=\"\u00ab\u00a0Le Fonds de r\u00e9silience\u00a0\u00bb &#8212; CLIMAtlantic\" data-secret=\"oNeA1y9nuu\" frameborder=\"0\" marginwidth=\"0\" marginheight=\"0\" scrolling=\"no\" class=\"wp-embedded-content\"><\/iframe><script type=\"text\/javascript\">\n\/* <![CDATA[ *\/\n\/*! This file is auto-generated *\/\n!function(d,l){\"use strict\";l.querySelector&&d.addEventListener&&\"undefined\"!=typeof URL&&(d.wp=d.wp||{},d.wp.receiveEmbedMessage||(d.wp.receiveEmbedMessage=function(e){var t=e.data;if((t||t.secret||t.message||t.value)&&!\/[^a-zA-Z0-9]\/.test(t.secret)){for(var s,r,n,a=l.querySelectorAll('iframe[data-secret=\"'+t.secret+'\"]'),o=l.querySelectorAll('blockquote[data-secret=\"'+t.secret+'\"]'),c=new RegExp(\"^https?:$\",\"i\"),i=0;i<o.length;i++)o[i].style.display=\"none\";for(i=0;i<a.length;i++)s=a[i],e.source===s.contentWindow&&(s.removeAttribute(\"style\"),\"height\"===t.message?(1e3<(r=parseInt(t.value,10))?r=1e3:~~r<200&&(r=200),s.height=r):\"link\"===t.message&&(r=new URL(s.getAttribute(\"src\")),n=new URL(t.value),c.test(n.protocol))&&n.host===r.host&&l.activeElement===s&&(d.top.location.href=t.value))}},d.addEventListener(\"message\",d.wp.receiveEmbedMessage,!1),l.addEventListener(\"DOMContentLoaded\",function(){for(var e,t,s=l.querySelectorAll(\"iframe.wp-embedded-content\"),r=0;r<s.length;r++)(t=(e=s[r]).getAttribute(\"data-secret\"))||(t=Math.random().toString(36).substring(2,12),e.src+=\"#?secret=\"+t,e.setAttribute(\"data-secret\",t)),e.contentWindow.postMessage({message:\"ready\",secret:t},\"*\")},!1)))}(window,document);\n\/\/# sourceURL=https:\/\/climatlantic.ca\/wp\/wp-includes\/js\/wp-embed.min.js\n\/* ]]> *\/\n<\/script>\n","description":"[et_pb_section fb_built=&#8221;1&#8243; _builder_version=&#8221;4.21.0&#8243; _module_preset=&#8221;default&#8221; da_disable_devices=&#8221;off|off|off&#8221; global_colors_info=&#8221;{}&#8221; da_is_popup=&#8221;off&#8221; da_exit_intent=&#8221;off&#8221; da_has_close=&#8221;on&#8221; da_alt_close=&#8221;off&#8221; da_dark_close=&#8221;off&#8221; da_not_modal=&#8221;on&#8221; da_is_singular=&#8221;off&#8221; da_with_loader=&#8221;off&#8221; da_has_shadow=&#8221;on&#8221;][et_pb_row _builder_version=&#8221;4.21.0&#8243; _module_preset=&#8221;default&#8221; global_colors_info=&#8221;{}&#8221;][et_pb_column type=&#8221;4_4&#8243; _builder_version=&#8221;4.21.0&#8243; _module_preset=&#8221;default&#8221; global_colors_info=&#8221;{}&#8221;][et_pb_image src=&#8221;https:\/\/climatlantic.ca\/wp\/wp-content\/uploads\/2026\/02\/resilience-fund-youth-banner.png&#8221; alt=&#8221;Six personnes s&#8217;\u00e9loignant de la cam\u00e9ra en direction de la c\u00f4te en hiver&#8221; title_text=&#8221;resilience-fund-youth-banner&#8221; url=&#8221;https:\/\/www.croixrouge.ca\/sa\/fonds-de-resilience-les-jeunes-font-la-difference?_gl=1*1wlbt53*_gcl_au*MTAxOTQ1NzE2Ny4xNzY5NTE5NzI1*_ga*MTM0ODg1MzEwNy4xNzY5NTE5NzI2*_ga_376D8LHM0R*czE3Njk1MTk3MjUkbzEkZzEkdDE3Njk1MjExNjIkajQ5JGwwJGg5OTkwMjU1ODI.*_fplc*R0ZDJTJGb1JpOHU1dHBaSVlIZmJ3ME9UYnBPZlh1Q090cjVnQUR4QXlneDVVc083VGRPSWs4bzMlMkZmNGxWMjBDM2l0Qkhuc05YNTZmbnRpN0ZXTTZ5JTJGZzhIVXdCJTJGQldXcyUyRkg3R09SUEpEU1drRTZTVHd1TDRJaUREcU5OayUyRm1RJTNEJTNE&#8221; url_new_window=&#8221;on&#8221; align=&#8221;center&#8221; _builder_version=&#8221;4.27.5&#8243; _module_preset=&#8221;default&#8221; max_width=&#8221;100%&#8221; custom_margin=&#8221;||12px||false|false&#8221; custom_padding=&#8221;|||0px||&#8221; global_colors_info=&#8221;{}&#8221;][\/et_pb_image][et_pb_text _builder_version=&#8221;4.27.5&#8243; _module_preset=&#8221;default&#8221; link_option_url_new_window=&#8221;on&#8221; global_colors_info=&#8221;{}&#8221;] Le Fonds de r\u00e9silience Dirig\u00e9 [&hellip;]"}

Le Fonds de résilience - CLIMAtlantic

<blockquote class="wp-embedded-content" data-secret="oNeA1y9nuu"><a href="https://climatlantic.ca/fr/outils/possibilites-financement/le-fonds-de-resilience/">Le Fonds de résilience</a></blockquote><iframe sandbox="allow-scripts" security="restricted" src="https://climatlantic.ca/fr/outils/possibilites-financement/le-fonds-de-resilience/embed/#?secret=oNeA1y9nuu" width="600" height="338" title="« Le Fonds de résilience » &#8212; CLIMAtlantic" data-secret="oNeA1y9nuu" frameborder="0" marginwidth="0" marginheight="0" scrolling="no" class="wp-embedded-content"></iframe><script type="text/javascript">
/* <![CDATA[ */
/*! This file is auto-generated */
!function(d,l){"use strict";l.querySelector&&d.addEventListener&&"undefined"!=typeof URL&&(d.wp=d.wp||{},d.wp.receiveEmbedMessage||(d.wp.receiveEmbedMessage=function(e){var t=e.data;if((t||t.secret||t.message||t.value)&&!/[^a-zA-Z0-9]/.test(t.secret)){for(var s,r,n,a=l.querySelectorAll('iframe[data-secret="'+t.secret+'"]'),o=l.querySelectorAll('blockquote[data-secret="'+t.secret+'"]'),c=new RegExp("^https?:$","i"),i=0;i<o.length;i++)o[i].style.display="none";for(i=0;i<a.length;i++)s=a[i],e.source===s.contentWindow&&(s.removeAttribute("style"),"height"===t.message?(1e3<(r=parseInt(t.value,10))?r=1e3:~~r<200&&(r=200),s.height=r):"link"===t.message&&(r=new URL(s.getAttribute("src")),n=new URL(t.value),c.test(n.protocol))&&n.host===r.host&&l.activeElement===s&&(d.top.location.href=t.value))}},d.addEventListener("message",d.wp.receiveEmbedMessage,!1),l.addEventListener("DOMContentLoaded",function(){for(var e,t,s=l.querySelectorAll("iframe.wp-embedded-content"),r=0;r<s.length;r++)(t=(e=s[r]).getAttribute("data-secret"))||(t=Math.random().toString(36).substring(2,12),e.src+="#?secret="+t,e.setAttribute("data-secret",t)),e.contentWindow.postMessage({message:"ready",secret:t},"*")},!1)))}(window,document);
//# sourceURL=https://climatlantic.ca/wp/wp-includes/js/wp-embed.min.js
/* ]]> */
</script>

[et_pb_section fb_built=&#8221;1&#8243; _builder_version=&#8221;4.21.0&#8243; _module_preset=&#8221;default&#8221; da_disable_devices=&#8221;off|off|off&#8221; global_colors_info=&#8221;{}&#8221; da_is_popup=&#8221;off&#8221; da_exit_intent=&#8221;off&#8221; da_has_close=&#8221;on&#8221; da_alt_close=&#8221;off&#8221; da_dark_close=&#8221;off&#8221; da_not_modal=&#8221;on&#8221; da_is_singular=&#8221;off&#8221; da_with_loader=&#8221;off&#8221; da_has_shadow=&#8221;on&#8221;][et_pb_row _builder_version=&#8221;4.21.0&#8243; _module_preset=&#8221;default&#8221; global_colors_info=&#8221;{}&#8221;][et_pb_column type=&#8221;4_4&#8243; _builder_version=&#8221;4.21.0&#8243; _module_preset=&#8221;default&#8221; global_colors_info=&#8221;{}&#8221;][et_pb_image src=&#8221;https://climatlantic.ca/wp/wp-content/uploads/2026/02/resilience-fund-youth-banner.png&#8221; alt=&#8221;Six personnes s&#8217;éloignant de la caméra en direction de la côte en hiver&#8221; title_text=&#8221;resilience-fund-youth-banner&#8221; url=&#8221;https://www.croixrouge.ca/sa/fonds-de-resilience-les-jeunes-font-la-difference?_gl=1*1wlbt53*_gcl_au*MTAxOTQ1NzE2Ny4xNzY5NTE5NzI1*_ga*MTM0ODg1MzEwNy4xNzY5NTE5NzI2*_ga_376D8LHM0R*czE3Njk1MTk3MjUkbzEkZzEkdDE3Njk1MjExNjIkajQ5JGwwJGg5OTkwMjU1ODI.*_fplc*R0ZDJTJGb1JpOHU1dHBaSVlIZmJ3ME9UYnBPZlh1Q090cjVnQUR4QXlneDVVc083VGRPSWs4bzMlMkZmNGxWMjBDM2l0Qkhuc05YNTZmbnRpN0ZXTTZ5JTJGZzhIVXdCJTJGQldXcyUyRkg3R09SUEpEU1drRTZTVHd1TDRJaUREcU5OayUyRm1RJTNEJTNE&#8221; url_new_window=&#8221;on&#8221; align=&#8221;center&#8221; _builder_version=&#8221;4.27.5&#8243; _module_preset=&#8221;default&#8221; max_width=&#8221;100%&#8221; custom_margin=&#8221;||12px||false|false&#8221; custom_padding=&#8221;|||0px||&#8221; global_colors_info=&#8221;{}&#8221;][/et_pb_image][et_pb_text _builder_version=&#8221;4.27.5&#8243; _module_preset=&#8221;default&#8221; link_option_url_new_window=&#8221;on&#8221; global_colors_info=&#8221;{}&#8221;] Le Fonds de résilience Dirigé [&hellip;]
